{"id":242,"date":"2025-07-03T00:43:24","date_gmt":"2025-07-03T00:43:24","guid":{"rendered":"https:\/\/noticias.contably.mx\/home\/?page_id=242"},"modified":"2025-07-03T00:49:23","modified_gmt":"2025-07-03T00:49:23","slug":"aviso-de-privacidad-noticias-contably","status":"publish","type":"page","link":"https:\/\/noticias.contably.mx\/home\/contacto-y-privacidad\/aviso-de-privacidad-noticias-contably\/","title":{"rendered":"AVISO DE PRIVACIDAD &#8211; NOTICIAS CONTABLY"},"content":{"rendered":"\n<p><br>Responsable del tratamiento: FRANCISCO JAVIER CERVANTES GONZ\u00c1LEZ<\/p>\n\n\n\n<p><br>Sitio web: https:\/\/noticias.contably.mx\/home<br>Correo: administracion@contably.mx<br><\/p>\n\n\n\n<p>\u00bfQu\u00e9 datos recabamos?<\/p>\n\n\n\n<p><br>&#8211; Nombre (si lo ingresas en comentarios o formularios)<br>&#8211; Correo electr\u00f3nico (por suscripci\u00f3n o contacto)<br>&#8211; Direcci\u00f3n IP, navegador, tiempo de visita (por cookies)<br>&#8211; Preferencias de navegaci\u00f3n o lectura<br>\u00bfPara qu\u00e9 usamos tus datos?<br>&#8211; Para enviarte boletines o noticias si te suscribes<br>&#8211; Para responder tus dudas si nos contactas<br>&#8211; Para mejorar la experiencia de navegaci\u00f3n<br>&#8211; Para conocer qu\u00e9 contenidos son m\u00e1s \u00fatiles o le\u00eddos<br>Cookies y tecnolog\u00edas de rastreo<br>Usamos cookies, Google Analytics y tecnolog\u00edas similares para recopilar estad\u00edsticas de navegaci\u00f3n. Puedes desactivarlas desde la configuraci\u00f3n de tu navegador.<\/p>\n\n\n\n<p><br>\u00bfCompartimos tu informaci\u00f3n?<\/p>\n\n\n\n<p><br>No compartimos tus datos personales con terceros sin tu consentimiento. Usamos servicios como Google Analytics solo con fines estad\u00edsticos.<\/p>\n\n\n\n<p><br>\u00bfC\u00f3mo puedes ejercer tus derechos ARCO?<\/p>\n\n\n\n<p><br>Puedes solicitar acceso, correcci\u00f3n, cancelaci\u00f3n u oposici\u00f3n al uso de tus datos escribiendo a:<\/p>\n\n\n\n<p><br>administracion@contably.mx<\/p>\n\n\n\n<p><br>Cambios al aviso<\/p>\n\n\n\n<p><br>Este aviso puede cambiar. Las actualizaciones estar\u00e1n disponibles en esta misma p\u00e1gina.<br><br>\u00daltima actualizaci\u00f3n: 2 de julio de 2025<\/p>\n","protected":false},"excerpt":{"rendered":"<p>Responsable del tratamiento: FRANCISCO JAVIER CERVANTES GONZ\u00c1LEZ Sitio web: https:\/\/noticias.contably.mx\/homeCorreo: administracion@contably.mx \u00bfQu\u00e9 datos recabamos? &#8211; Nombre (si lo ingresas en comentarios o formularios)&#8211; Correo electr\u00f3nico (por suscripci\u00f3n o contacto)&#8211; Direcci\u00f3n IP, navegador, tiempo de visita (por cookies)&#8211; Preferencias de navegaci\u00f3n o lectura\u00bfPara qu\u00e9 usamos tus datos?&#8211; Para enviarte boletines o noticias si te suscribes&#8211; Para [&hellip;]<\/p>\n","protected":false},"author":1,"featured_media":0,"parent":244,"menu_order":0,"comment_status":"open","ping_status":"closed","template":"","meta":{"footnotes":""},"class_list":["post-242","page","type-page","status-publish","hentry"],"_links":{"self":[{"href":"https:\/\/noticias.contably.mx\/home\/wp-json\/wp\/v2\/pages\/242","targetHints":{"allow":["GET"]}}],"collection":[{"href":"https:\/\/noticias.contably.mx\/home\/wp-json\/wp\/v2\/pages"}],"about":[{"href":"https:\/\/noticias.contably.mx\/home\/wp-json\/wp\/v2\/types\/page"}],"author":[{"embeddable":true,"href":"https:\/\/noticias.contably.mx\/home\/wp-json\/wp\/v2\/users\/1"}],"replies":[{"embeddable":true,"href":"https:\/\/noticias.contably.mx\/home\/wp-json\/wp\/v2\/comments?post=242"}],"version-history":[{"count":1,"href":"https:\/\/noticias.contably.mx\/home\/wp-json\/wp\/v2\/pages\/242\/revisions"}],"predecessor-version":[{"id":243,"href":"https:\/\/noticias.contably.mx\/home\/wp-json\/wp\/v2\/pages\/242\/revisions\/243"}],"up":[{"embeddable":true,"href":"https:\/\/noticias.contably.mx\/home\/wp-json\/wp\/v2\/pages\/244"}],"wp:attachment":[{"href":"https:\/\/noticias.contably.mx\/home\/wp-json\/wp\/v2\/media?parent=242"}],"curies":[{"name":"wp","href":"https:\/\/api.w.org\/{rel}","templated":true}]}}

<p><br>Responsable del tratamiento: FRANCISCO JAVIER CERVANTES GONZÁLEZ</p>



<p><br>Sitio web: https://noticias.contably.mx/home<br>Correo: administracion@contably.mx<br></p>



<p>¿Qué datos recabamos?</p>



<p><br>&#8211; Nombre (si lo ingresas en comentarios o formularios)<br>&#8211; Correo electrónico (por suscripción o contacto)<br>&#8211; Dirección IP, navegador, tiempo de visita (por cookies)<br>&#8211; Preferencias de navegación o lectura<br>¿Para qué usamos tus datos?<br>&#8211; Para enviarte boletines o noticias si te suscribes<br>&#8211; Para responder tus dudas si nos contactas<br>&#8211; Para mejorar la experiencia de navegación<br>&#8211; Para conocer qué contenidos son más útiles o leídos<br>Cookies y tecnologías de rastreo<br>Usamos cookies, Google Analytics y tecnologías similares para recopilar estadísticas de navegación. Puedes desactivarlas desde la configuración de tu navegador.</p>



<p><br>¿Compartimos tu información?</p>



<p><br>No compartimos tus datos personales con terceros sin tu consentimiento. Usamos servicios como Google Analytics solo con fines estadísticos.</p>



<p><br>¿Cómo puedes ejercer tus derechos ARCO?</p>



<p><br>Puedes solicitar acceso, corrección, cancelación u oposición al uso de tus datos escribiendo a:</p>



<p><br>administracion@contably.mx</p>



<p><br>Cambios al aviso</p>



<p><br>Este aviso puede cambiar. Las actualizaciones estarán disponibles en esta misma página.<br><br>Última actualización: 2 de julio de 2025</p>

<p>Responsable del tratamiento: FRANCISCO JAVIER CERVANTES GONZÁLEZ Sitio web: https://noticias.contably.mx/homeCorreo: administracion@contably.mx ¿Qué datos recabamos? &#8211; Nombre (si lo ingresas en comentarios o formularios)&#8211; Correo electrónico (por suscripción o contacto)&#8211; Dirección IP, navegador, tiempo de visita (por cookies)&#8211; Preferencias de navegación o lectura¿Para qué usamos tus datos?&#8211; Para enviarte boletines o noticias si te suscribes&#8211; Para [&hellip;]</p>
